
In base 9, what is 1064 - -10?
1074
In base 6, what is 23 - -14011?
14034
In base 5, what is 22 - 10242?
-10220
In base 12, what is -2 + 2050?
204a
In base 2, what is 100 - 1100011000100?
-1100011000000
In base 4, what is 2231210 - 10?
2231200
In base 9, what is -26 - -1361?
1334
In base 8, what is 272 - -126?
420
In base 6, what is -1 + 210511?
210510
In base 8, what is 2340120 - 3?
2340115
In base 12, what is 92 + -10b88?
-10ab6
In base 5, what is -3214 - 32301?
-41020
In base 13, what is -1 + a061?
a060
In base 14, what is -3 + -16b49?
-16b4c
In base 14, what is -1cb10 + 29?
-1cac5
In base 9, what is -14 - -37635?
37621
In base 7, what is -5 - 3140?
-3145
In base 3, what is 11 + 122121000?
122121011
In base 14, what is 19 + -6c33?
-6c18
In base 4, what is 111330211 - 0?
111330211
In base 3, what is 101 + -1020202211?
-1020202110
In base 12, what is 31 + -13b?
-10a
In base 7, what is 16604 + -4?
16600
In base 11, what is -629a + 49?
-6251
In base 12, what is -3 - 1b141?
-1b144
In base 8, what is 6 - -625?
633
In base 3, what is -11021 + 22111211?
22100120
In base 13, what is -4a0 - -1a1?
-2cc
In base 15, what is 3 - -4cb1?
4cb4
In base 5, what is 10 + 1040304?
1040314
In base 11, what is -50a666 - 4?
-50a66a
In base 3, what is -2 + -102021221221?
-102021222000
In base 3, what is 2201 + 22020112?
22100020
In base 8, what is -2245 - -4731?
2464
In base 8, what is -7576 - -102?
-7474
In base 5, what is -13043432 + 0?
-13043432
In base 4, what is 21221 + -2222001?
-2200120
In base 4, what is -3 - 122122?
-122131
In base 15, what is 2c6 - cc?
1e9
In base 2, what is -1000110 - 1001000?
-10001110
In base 13, what is -8438 + -5?
-8440
In base 16, what is d6 - -37?
10d
In base 13, what is 3266 + 8?
3271
In base 7, what is 11 + -25153?
-25142
In base 11, what is -12151a + -2?
-121521
In base 5, what is -101114 - -4243?
-41321
In base 2, what is 101011000100 + 1001000?
101100001100
In base 11, what is -15a0 - -1a4?
-13a7
In base 3, what is 10121 - 101001?
-20110
In base 5, what is -201103 - 3?
-201111
In base 12, what is -2 + -14589b?
-1458a1
In base 6, what is 250030 + 5?
250035
In base 8, what is 24 - 34001?
-33755
In base 15, what is 19c + d63?
1010
In base 3, what is -10201022222112 + 12?
-10201022222100
In base 12, what is 6 + 98?
a2
In base 16, what is 7d + 204?
281
In base 8, what is 27 - 210437?
-210410
In base 4, what is -203 + -30330302?
-30331111
In base 2, what is -100 - -10000000111000101110?
10000000111000101010
In base 8, what is 10247 + -3?
10244
In base 2, what is -1011011111100101111111 - -101?
-1011011111100101111010
In base 13, what is -2 - -3a78a?
3a788
In base 8, what is -1 - -114316?
114315
In base 16, what is -8f88 - 0?
-8f88
In base 11, what is 2572 + -1?
2571
In base 13, what is -1 - 273992?
-273993
In base 4, what is 0 + -30312112?
-30312112
In base 7, what is -55 - -10133?
10045
In base 7, what is 3 + -305050?
-305044
In base 13, what is -33c2b6 - -2?
-33c2b4
In base 6, what is -524 + 1002?
34
In base 11, what is 8143 + -3?
8140
In base 9, what is -11577 + 0?
-11577
In base 8, what is -5 - -415766?
415761
In base 12, what is 301b7 + 1?
301b8
In base 16, what is -2 - 11c7?
-11c9
In base 14, what is -351 - -14c?
-203
In base 2, what is -11 - -11111001011010?
11111001010111
In base 7, what is 50 + 2153?
2233
In base 5, what is -212113 + 341?
-211222
In base 3, what is 2100 - 222012011?
-222002211
In base 13, what is 2 - -836c?
8371
In base 13, what is 5 + 3c10?
3c15
In base 4, what is -2201122 + -20?
-2201202
In base 13, what is -a3 - -20?
-83
In base 13, what is -6096b + -1?
-6096c
In base 2, what is 1101100110111 - 10001?
1101100100110
In base 10, what is 163 - 48?
115
In base 14, what is 2cc37 + 4?
2cc3b
In base 2, what is -1001 + 1010010111111?
1010010110110
In base 10, what is -5 + 681302?
681297
In base 6, what is 24124 + 505?
25033
In base 13, what is 2940c9 - -5?
294101
In base 8, what is -2 + 277244?
277242
In base 5, what is 1244 + 3331?
10130
In base 15, what is -34 - 7ace?
-7b13
In base 6, what is -13015 + 10102?
-2513
In base 3, what is -120212 - 1021111?
-1212100
In base 10, what is -40 - 147?
-187
In base 8, what is -161141 + -14?
-161155
In base 8, what is -40 + 111735?
111675
In base 4, what is 1320321 - 32?
1320223
In base 8, what is -227211 + 3?
-227206
In base 4, what is -33321 - -110?
-33211
In base 7, what is -42 - -100324?
100252
In base 13, what is -595 - -22?
-573
In base 14, what is 5 + 31cd8?
31cdd
In base 16, what is -4b - -272c?
26e1
In base 13, what is -1037 + -175?
-11ac
In base 12, what is -1881 + 27?
-1856
In base 7, what is 1 - -51043?
51044
In base 2, what is 110 - 10111001100100?
-10111001011110
In base 11, what is -27818 + 2?
-27816
In base 14, what is -bb94 + 1b?
-bb77
In base 11, what is -22 - -838?
816
In base 13, what is 88 - 2c38?
-2b80
In base 5, what is -334 + -240430?
-241314
In base 11, what is -4 - 18480?
-18484
In base 16, what is 2abe - a2?
2a1c
In base 5, what is 102320344 + -3?
102320341
In base 2, what is -1000 + -11011011111000000?
-11011011111001000
In base 8, what is -1 - 1116460?
-1116461
In base 16, what is b + 4d?
58
In base 15, what is 11a + 3?
11d
In base 15, what is -34d + -b4?
-412
In base 6, what is 114 - 12324?
-12210
In base 11, what is -988922 - 4?
-988926
In base 3, what is 2211 - 10202101?
-10122120
In base 4, what is 10211112333 - -2?
10211113001
In base 15, what is -1e + 4eec?
4ecd
In base 7, what is 20 + 1065055?
1065105
In base 11, what is 1 - 27a8?
-27a7
In base 10, what is -207 - -6?
-201
In base 15, what is 156d - c?
1561
In base 7, what is -3052026 - 4?
-3052033
In base 4, what is -21131110 - -10?
-21131100
In base 2, what is -11010100110 + -10000?
-11010110110
In base 7, what is 14366 + 6?
14405
In base 4, what is 322 + 230032?
231020
In base 7, what is 5 + -1200323?
-1200315
In base 10, what is 13497 - -23?
13520
In base 16, what is -5 + -32955?
-3295a
In base 7, what is -31126056 + 5?
-31126051
In base 8, what is -255017 + -1?
-255020
In base 11, what is -92 - -6353?
6271
In base 12, what is 5929a9 + -2?
5929a7
In base 3, what is 1121102021 + -2?
1121102012
In base 8, what is 2 - -30345?
30347
In base 5, what is 343000 - 1311?
341134
In base 9, what is 6631 + 40?
6671
In base 9, what is -1 - 6678?
-6680
In base 5, what is -141332130 + 2?
-141332123
In base 11, what is 5 + -19485a?
-194855
In base 8, what is 1315 - 431?
664
In base 8, what is 0 + -10157?
-10157
In base 5, what is 22130 - -4?
22134
In base 16, what is ca + -55?
75
In base 2, what is -100 + 10001111000010110011?
10001111000010101111
In base 4, what is -130223 + -13?
-130302
In base 4, what is 302 - -11031?
11333
In base 4, what is 11022 - 1?
11021
In base 16, what is -222 - -b?
-217
In base 12, what is bbb0 - -2?
bbb2
In base 15, what is 3e + -1506?
-14b7
In base 14, what is 16b - -1b?
188
In base 2, what is 111100101010010010 + 10?
111100101010010100
In base 2, what is 11000100 + -10111?
10101101
In base 14, what is -2 - -3da4?
3da2
In base 12, what is 11 + 38974?
38985
In base 8, what is -3652 + -30?
-3702
In base 12, what is -1287364 - 0?
-1287364
In base 4, what is -2112312200 - 11?
-2112312211
In base 9, what is -3 - -3573?
3570
In base 6, what is -1114 - -51050?
45532
In base 3, what is -102220102 - 122?
-102221001
In base 14, what is -18b - 5?
-192
In base 3, what is -1111021021 - -22?
-1111020222
In base 12, what is -211b - -1450?
-88b
In base 9, what is 867 + 26?
1004
In base 7, what is 26 + -105264?
-105235
In base 14, what is -4 + -1a1d4d?
-1a1d53
In base 11, what is a - -59150?
5915a
In base 5, what is -1 + -12014442?
-12014443
In base 6, what is -21 - -1103255?
1103234
In base 11, what is -2 + -8089?
-8090
In base 13, what is -c95 - -c?
-c86
In base 15, what is -ba1 + -1?
-ba2
In base 9, what is 373 - 72?
301
In base 2, what is -101010 + 1101101?
1000011
In base 6, what is 3320440 + -11?
3320425
In base 6, what is -4 - -2433325?
2433321
In base 2, what is 110001001110010000 - -11?
110001001110010011
In base 11, what is 68863 - 1?
68862
In base 9, what is 0 + -164657?
-164657
In base 4, what is -3212000 + 10?
-3211330
In base 15, what is -108 - b1?
-1b9
In base 4, what is -101 - -12123012?
12122311
In base 7, what is -3 + -2015433?
-2015436
In base 14, what is -5a9d - 